{"id":2157,"date":"2025-06-19T04:12:05","date_gmt":"2025-06-19T04:12:05","guid":{"rendered":"https:\/\/siagroperu.com\/?post_type=product&#038;p=2157"},"modified":"2025-06-19T04:12:05","modified_gmt":"2025-06-19T04:12:05","slug":"gramadal-x-1-lt-clethodim","status":"publish","type":"product","link":"https:\/\/siagroperu.com\/?product=gramadal-x-1-lt-clethodim","title":{"rendered":"GRAMADAL X 1 LT (Clethodim)"},"content":{"rendered":"<p>Herbicida sist\u00e9mico para aplicaci\u00f3n post-emergente. Es de excelente control para un amplio rango de malezas gram\u00edneas, anuales y perennes.<\/p>\n","protected":false},"excerpt":{"rendered":"<p>Herbicida sist\u00e9mico para aplicaci\u00f3n post-emergente. Es de excelente control para un amplio rango de malezas gram\u00edneas, anuales y perennes.<\/p>\n","protected":false},"featured_media":2158,"comment_status":"open","ping_status":"closed","template":"","meta":[],"product_cat":[143,139],"product_tag":[],"borobazar_product_brands":[498],"borobazar_product_price_ranges":[29],"borobazar_product_genre":[],"class_list":{"0":"post-2157","1":"product","2":"type-product","3":"status-publish","4":"has-post-thumbnail","6":"product_cat-herbicidas","7":"product_cat-plaguicidas","8":"borobazar_product_brands-duwest","9":"borobazar_product_price_ranges-31-to-50","11":"first","12":"instock","13":"shipping-taxable","14":"purchasable","15":"product-type-simple"},"_links":{"self":[{"href":"https:\/\/siagroperu.com\/index.php?rest_route=\/wp\/v2\/product\/2157","targetHints":{"allow":["GET"]}}],"collection":[{"href":"https:\/\/siagroperu.com\/index.php?rest_route=\/wp\/v2\/product"}],"about":[{"href":"https:\/\/siagroperu.com\/index.php?rest_route=\/wp\/v2\/types\/product"}],"replies":[{"embeddable":true,"href":"https:\/\/siagroperu.com\/index.php?rest_route=%2Fwp%2Fv2%2Fcomments&post=2157"}],"wp:featuredmedia":[{"embeddable":true,"href":"https:\/\/siagroperu.com\/index.php?rest_route=\/wp\/v2\/media\/2158"}],"wp:attachment":[{"href":"https:\/\/siagroperu.com\/index.php?rest_route=%2Fwp%2Fv2%2Fmedia&parent=2157"}],"wp:term":[{"taxonomy":"product_cat","embeddable":true,"href":"https:\/\/siagroperu.com\/index.php?rest_route=%2Fwp%2Fv2%2Fproduct_cat&post=2157"},{"taxonomy":"product_tag","embeddable":true,"href":"https:\/\/siagroperu.com\/index.php?rest_route=%2Fwp%2Fv2%2Fproduct_tag&post=2157"},{"taxonomy":"borobazar_product_brands","embeddable":true,"href":"https:\/\/siagroperu.com\/index.php?rest_route=%2Fwp%2Fv2%2Fborobazar_product_brands&post=2157"},{"taxonomy":"borobazar_product_price_ranges","embeddable":true,"href":"https:\/\/siagroperu.com\/index.php?rest_route=%2Fwp%2Fv2%2Fborobazar_product_price_ranges&post=2157"},{"taxonomy":"borobazar_product_genre","embeddable":true,"href":"https:\/\/siagroperu.com\/index.php?rest_route=%2Fwp%2Fv2%2Fborobazar_product_genre&post=2157"}],"curies":[{"name":"wp","href":"https:\/\/api.w.org\/{rel}","templated":true}]}}