{"id":2114,"date":"2025-06-19T03:03:35","date_gmt":"2025-06-19T03:03:35","guid":{"rendered":"https:\/\/siagroperu.com\/?post_type=product&#038;p=2114"},"modified":"2025-06-19T03:03:35","modified_gmt":"2025-06-19T03:03:35","slug":"agrostemin-gl-x-1-lt-proto-citoquin-auxinas-giberelinas","status":"publish","type":"product","link":"https:\/\/siagroperu.com\/?product=agrostemin-gl-x-1-lt-proto-citoquin-auxinas-giberelinas","title":{"rendered":"AGROSTEMIN-GL X 1 LT (Proto. Citoquin., Auxinas, Giberelinas)"},"content":{"rendered":"<p>Agrostemin \u00ae \u2013 GL Contiene protohormonas naturales encapsuladas en prote\u00ednas espec\u00edficas (protohormonas glycosilicadas ) que promueven, dentro de la planta, la liberaci\u00f3n natural de auxinas, giberelinas y citoquininas en forma balanceada.<\/p>\n","protected":false},"excerpt":{"rendered":"<p>Agrostemin \u00ae \u2013 GL Contiene protohormonas naturales encapsuladas en prote\u00ednas espec\u00edficas (protohormonas glycosilicadas ) que promueven, dentro de la planta, la liberaci\u00f3n natural de auxinas, giberelinas y citoquininas en forma balanceada.<\/p>\n","protected":false},"featured_media":2115,"comment_status":"open","ping_status":"closed","template":"","meta":[],"product_cat":[165],"product_tag":[],"borobazar_product_brands":[500],"borobazar_product_price_ranges":[29],"borobazar_product_genre":[],"class_list":{"0":"post-2114","1":"product","2":"type-product","3":"status-publish","4":"has-post-thumbnail","6":"product_cat-bioestimulantes","7":"borobazar_product_brands-serfi","8":"borobazar_product_price_ranges-31-to-50","10":"first","11":"instock","12":"shipping-taxable","13":"purchasable","14":"product-type-simple"},"_links":{"self":[{"href":"https:\/\/siagroperu.com\/index.php?rest_route=\/wp\/v2\/product\/2114","targetHints":{"allow":["GET"]}}],"collection":[{"href":"https:\/\/siagroperu.com\/index.php?rest_route=\/wp\/v2\/product"}],"about":[{"href":"https:\/\/siagroperu.com\/index.php?rest_route=\/wp\/v2\/types\/product"}],"replies":[{"embeddable":true,"href":"https:\/\/siagroperu.com\/index.php?rest_route=%2Fwp%2Fv2%2Fcomments&post=2114"}],"wp:featuredmedia":[{"embeddable":true,"href":"https:\/\/siagroperu.com\/index.php?rest_route=\/wp\/v2\/media\/2115"}],"wp:attachment":[{"href":"https:\/\/siagroperu.com\/index.php?rest_route=%2Fwp%2Fv2%2Fmedia&parent=2114"}],"wp:term":[{"taxonomy":"product_cat","embeddable":true,"href":"https:\/\/siagroperu.com\/index.php?rest_route=%2Fwp%2Fv2%2Fproduct_cat&post=2114"},{"taxonomy":"product_tag","embeddable":true,"href":"https:\/\/siagroperu.com\/index.php?rest_route=%2Fwp%2Fv2%2Fproduct_tag&post=2114"},{"taxonomy":"borobazar_product_brands","embeddable":true,"href":"https:\/\/siagroperu.com\/index.php?rest_route=%2Fwp%2Fv2%2Fborobazar_product_brands&post=2114"},{"taxonomy":"borobazar_product_price_ranges","embeddable":true,"href":"https:\/\/siagroperu.com\/index.php?rest_route=%2Fwp%2Fv2%2Fborobazar_product_price_ranges&post=2114"},{"taxonomy":"borobazar_product_genre","embeddable":true,"href":"https:\/\/siagroperu.com\/index.php?rest_route=%2Fwp%2Fv2%2Fborobazar_product_genre&post=2114"}],"curies":[{"name":"wp","href":"https:\/\/api.w.org\/{rel}","templated":true}]}}