{"id":2106,"date":"2025-06-19T00:06:16","date_gmt":"2025-06-19T00:06:16","guid":{"rendered":"https:\/\/siagroperu.com\/?post_type=product&#038;p=2106"},"modified":"2025-06-19T00:06:16","modified_gmt":"2025-06-19T00:06:16","slug":"verango-prime-x-1-lt-fluopyram","status":"publish","type":"product","link":"https:\/\/siagroperu.com\/?product=verango-prime-x-1-lt-fluopyram","title":{"rendered":"VERANGO PRIME X 1 LT (Fluopyram)"},"content":{"rendered":"<p>&#8211; Verango Prime es un nematicida con un \u00fanico y nuevo mecanismo de acci\u00f3n en el mercado, que favorece la salud de las ra\u00edces incrementando de este modo el rendimiento y calidad en el cultivo.<br \/>\n&#8211; Cuenta con un amplio espectro de control de especies de nematodos y por su gran residualidad ofrece mayores d\u00edas de control.<br \/>\n&#8211; Efectivo contra las principales especies de nematodo, su aplicaci\u00f3n es f\u00e1cil y dependiendo del cultivo puede realizarse en riego por goteo.<br \/>\n&#8211; Posee sistema acropetal, es absorbido por las ra\u00edces y redistribuido hacia el follaje.<\/p>\n","protected":false},"excerpt":{"rendered":"<p>&#8211; Verango Prime es un nematicida con un \u00fanico y nuevo mecanismo de acci\u00f3n en el mercado, que favorece la salud de las ra\u00edces incrementando de este modo el rendimiento y calidad en el cultivo. &#8211; Cuenta con un amplio espectro de control de especies de nematodos y por su gran residualidad ofrece mayores d\u00edas [&hellip;]<\/p>\n","protected":false},"featured_media":0,"comment_status":"open","ping_status":"closed","template":"","meta":[],"product_cat":[144,139],"product_tag":[],"borobazar_product_brands":[497],"borobazar_product_price_ranges":[460],"borobazar_product_genre":[],"class_list":{"0":"post-2106","1":"product","2":"type-product","3":"status-publish","5":"product_cat-nematicidas","6":"product_cat-plaguicidas","7":"borobazar_product_brands-bayer","8":"borobazar_product_price_ranges-under-500","10":"first","11":"instock","12":"shipping-taxable","13":"purchasable","14":"product-type-simple"},"_links":{"self":[{"href":"https:\/\/siagroperu.com\/index.php?rest_route=\/wp\/v2\/product\/2106","targetHints":{"allow":["GET"]}}],"collection":[{"href":"https:\/\/siagroperu.com\/index.php?rest_route=\/wp\/v2\/product"}],"about":[{"href":"https:\/\/siagroperu.com\/index.php?rest_route=\/wp\/v2\/types\/product"}],"replies":[{"embeddable":true,"href":"https:\/\/siagroperu.com\/index.php?rest_route=%2Fwp%2Fv2%2Fcomments&post=2106"}],"wp:attachment":[{"href":"https:\/\/siagroperu.com\/index.php?rest_route=%2Fwp%2Fv2%2Fmedia&parent=2106"}],"wp:term":[{"taxonomy":"product_cat","embeddable":true,"href":"https:\/\/siagroperu.com\/index.php?rest_route=%2Fwp%2Fv2%2Fproduct_cat&post=2106"},{"taxonomy":"product_tag","embeddable":true,"href":"https:\/\/siagroperu.com\/index.php?rest_route=%2Fwp%2Fv2%2Fproduct_tag&post=2106"},{"taxonomy":"borobazar_product_brands","embeddable":true,"href":"https:\/\/siagroperu.com\/index.php?rest_route=%2Fwp%2Fv2%2Fborobazar_product_brands&post=2106"},{"taxonomy":"borobazar_product_price_ranges","embeddable":true,"href":"https:\/\/siagroperu.com\/index.php?rest_route=%2Fwp%2Fv2%2Fborobazar_product_price_ranges&post=2106"},{"taxonomy":"borobazar_product_genre","embeddable":true,"href":"https:\/\/siagroperu.com\/index.php?rest_route=%2Fwp%2Fv2%2Fborobazar_product_genre&post=2106"}],"curies":[{"name":"wp","href":"https:\/\/api.w.org\/{rel}","templated":true}]}}