{"id":1954,"date":"2025-06-17T21:31:24","date_gmt":"2025-06-17T21:31:24","guid":{"rendered":"https:\/\/siagroperu.com\/?post_type=product&#038;p=1954"},"modified":"2025-06-17T21:31:24","modified_gmt":"2025-06-17T21:31:24","slug":"durometro-para-fruta-arandanos-uvas-y-fresa-baxlo-53505-f0","status":"publish","type":"product","link":"https:\/\/siagroperu.com\/?product=durometro-para-fruta-arandanos-uvas-y-fresa-baxlo-53505-f0","title":{"rendered":"Dur\u00f3metro para fruta (ar\u00e1ndanos, uvas y fresa) BAXLO &#8211; 53505\/F0"},"content":{"rendered":"<p>Mediante el Dur\u00f3metro para frutas y hortalizas BAXLO obtendremos una indicaci\u00f3n v\u00e1lida del periodo m\u00e1s oportuno para la cosecha de la fruta as\u00ed como del estado de maduraci\u00f3n. Permite asimismo obtener una medida del estado de conservaci\u00f3n frigor\u00edfica por medio del control de la evoluci\u00f3n de la maduraci\u00f3n.<\/p>\n<p>La caracter\u00edstica principal de nuestro instrumento es su caracter no destructivo, lo que permite realizar mediciones donde el penetr\u00f3metro cl\u00e1sico, instrumento destructivo, da\u00f1ar\u00eda la fruta.<\/p>\n<p>&nbsp;<\/p>\n<p>&nbsp;<\/p>\n<p>Medidas del penetrador:\u00a0esf\u00e9rico \u00d82,38mm<\/p>\n<p>&nbsp;<\/p>\n<p>Fuerza m\u00e1x.: 113 g<\/p>\n","protected":false},"excerpt":{"rendered":"<p>Mediante el Dur\u00f3metro para frutas y hortalizas BAXLO obtendremos una indicaci\u00f3n v\u00e1lida del periodo m\u00e1s oportuno para la cosecha de la fruta as\u00ed como del estado de maduraci\u00f3n. Permite asimismo obtener una medida del estado de conservaci\u00f3n frigor\u00edfica por medio del control de la evoluci\u00f3n de la maduraci\u00f3n. La caracter\u00edstica principal de nuestro instrumento es [&hellip;]<\/p>\n","protected":false},"featured_media":1955,"comment_status":"open","ping_status":"closed","template":"","meta":[],"product_cat":[296],"product_tag":[],"borobazar_product_brands":[468],"borobazar_product_price_ranges":[456],"borobazar_product_genre":[],"class_list":{"0":"post-1954","1":"product","2":"type-product","3":"status-publish","4":"has-post-thumbnail","6":"product_cat-instrumentos-de-medicion","7":"borobazar_product_brands-baxlo","8":"borobazar_product_price_ranges-over-1000","10":"first","11":"instock","12":"shipping-taxable","13":"purchasable","14":"product-type-simple"},"_links":{"self":[{"href":"https:\/\/siagroperu.com\/index.php?rest_route=\/wp\/v2\/product\/1954","targetHints":{"allow":["GET"]}}],"collection":[{"href":"https:\/\/siagroperu.com\/index.php?rest_route=\/wp\/v2\/product"}],"about":[{"href":"https:\/\/siagroperu.com\/index.php?rest_route=\/wp\/v2\/types\/product"}],"replies":[{"embeddable":true,"href":"https:\/\/siagroperu.com\/index.php?rest_route=%2Fwp%2Fv2%2Fcomments&post=1954"}],"wp:featuredmedia":[{"embeddable":true,"href":"https:\/\/siagroperu.com\/index.php?rest_route=\/wp\/v2\/media\/1955"}],"wp:attachment":[{"href":"https:\/\/siagroperu.com\/index.php?rest_route=%2Fwp%2Fv2%2Fmedia&parent=1954"}],"wp:term":[{"taxonomy":"product_cat","embeddable":true,"href":"https:\/\/siagroperu.com\/index.php?rest_route=%2Fwp%2Fv2%2Fproduct_cat&post=1954"},{"taxonomy":"product_tag","embeddable":true,"href":"https:\/\/siagroperu.com\/index.php?rest_route=%2Fwp%2Fv2%2Fproduct_tag&post=1954"},{"taxonomy":"borobazar_product_brands","embeddable":true,"href":"https:\/\/siagroperu.com\/index.php?rest_route=%2Fwp%2Fv2%2Fborobazar_product_brands&post=1954"},{"taxonomy":"borobazar_product_price_ranges","embeddable":true,"href":"https:\/\/siagroperu.com\/index.php?rest_route=%2Fwp%2Fv2%2Fborobazar_product_price_ranges&post=1954"},{"taxonomy":"borobazar_product_genre","embeddable":true,"href":"https:\/\/siagroperu.com\/index.php?rest_route=%2Fwp%2Fv2%2Fborobazar_product_genre&post=1954"}],"curies":[{"name":"wp","href":"https:\/\/api.w.org\/{rel}","templated":true}]}}