{"id":1952,"date":"2025-06-17T20:09:25","date_gmt":"2025-06-17T20:09:25","guid":{"rendered":"https:\/\/siagroperu.com\/?post_type=product&#038;p=1952"},"modified":"2025-06-17T21:29:03","modified_gmt":"2025-06-17T21:29:03","slug":"medidor-de-ph-de-bolsillo-milwaukee-ph56","status":"publish","type":"product","link":"https:\/\/siagroperu.com\/?product=medidor-de-ph-de-bolsillo-milwaukee-ph56","title":{"rendered":"Medidor de pH de bolsillo MILWAUKEE &#8211; pH56"},"content":{"rendered":"<p>El pH56 tiene un indicador de estabilidad y una funci\u00f3n \u2018hold\u2019 que congela la lectura para facilitar su anotaci\u00f3n. La pantalla grande tambi\u00e9n tiene s\u00edmbolos gr\u00e1ficos para guiar el usuario.<\/p>\n<p>Su sensor de temperatura, r\u00e1pido y preciso, permite una compensaci\u00f3n autom\u00e1tica de temperatura. Se calibra autom\u00e1ticamente en 1 o 2 puntos con buffers est\u00e1ndares y buffers NIST memorizados.<\/p>\n<p>El sistema de auto cierre despu\u00e9s de 8 minutos sin usar permite ahorrar pilas. El electrodo de doble uni\u00f3n se reemplaza de manera sencilla y r\u00e1pida. El dise\u00f1o modular permite un reemplazo f\u00e1cil de pilas y electrodo.<\/p>\n<p><strong>Sensor de temperatura<\/strong><\/p>\n<p>El sensor de temperatura del pH55 mide con rapidez y su proximidad con el electrodo de pH garantiza una buena compensaci\u00f3n de temperatura y mediciones muy precisas.<\/p>\n<p><strong>Electrodo reemplazable<\/strong><\/p>\n<p>\u00a1Cambiar el electrodo es una operaci\u00f3n r\u00e1pida y sencilla! Destornille el anillo de pl\u00e1stico situado encima del electrodo y reemplace el electrodo por uno nuevo.<\/p>\n","protected":false},"excerpt":{"rendered":"<p>El pH56 tiene un indicador de estabilidad y una funci\u00f3n \u2018hold\u2019 que congela la lectura para facilitar su anotaci\u00f3n. La pantalla grande tambi\u00e9n tiene s\u00edmbolos gr\u00e1ficos para guiar el usuario. Su sensor de temperatura, r\u00e1pido y preciso, permite una compensaci\u00f3n autom\u00e1tica de temperatura. Se calibra autom\u00e1ticamente en 1 o 2 puntos con buffers est\u00e1ndares y [&hellip;]<\/p>\n","protected":false},"featured_media":1953,"comment_status":"open","ping_status":"closed","template":"","meta":[],"product_cat":[296],"product_tag":[],"borobazar_product_brands":[467],"borobazar_product_price_ranges":[462],"borobazar_product_genre":[],"class_list":{"0":"post-1952","1":"product","2":"type-product","3":"status-publish","4":"has-post-thumbnail","6":"product_cat-instrumentos-de-medicion","7":"borobazar_product_brands-milwaukee","8":"borobazar_product_price_ranges-over-100","10":"first","11":"instock","12":"shipping-taxable","13":"purchasable","14":"product-type-simple"},"_links":{"self":[{"href":"https:\/\/siagroperu.com\/index.php?rest_route=\/wp\/v2\/product\/1952","targetHints":{"allow":["GET"]}}],"collection":[{"href":"https:\/\/siagroperu.com\/index.php?rest_route=\/wp\/v2\/product"}],"about":[{"href":"https:\/\/siagroperu.com\/index.php?rest_route=\/wp\/v2\/types\/product"}],"replies":[{"embeddable":true,"href":"https:\/\/siagroperu.com\/index.php?rest_route=%2Fwp%2Fv2%2Fcomments&post=1952"}],"wp:featuredmedia":[{"embeddable":true,"href":"https:\/\/siagroperu.com\/index.php?rest_route=\/wp\/v2\/media\/1953"}],"wp:attachment":[{"href":"https:\/\/siagroperu.com\/index.php?rest_route=%2Fwp%2Fv2%2Fmedia&parent=1952"}],"wp:term":[{"taxonomy":"product_cat","embeddable":true,"href":"https:\/\/siagroperu.com\/index.php?rest_route=%2Fwp%2Fv2%2Fproduct_cat&post=1952"},{"taxonomy":"product_tag","embeddable":true,"href":"https:\/\/siagroperu.com\/index.php?rest_route=%2Fwp%2Fv2%2Fproduct_tag&post=1952"},{"taxonomy":"borobazar_product_brands","embeddable":true,"href":"https:\/\/siagroperu.com\/index.php?rest_route=%2Fwp%2Fv2%2Fborobazar_product_brands&post=1952"},{"taxonomy":"borobazar_product_price_ranges","embeddable":true,"href":"https:\/\/siagroperu.com\/index.php?rest_route=%2Fwp%2Fv2%2Fborobazar_product_price_ranges&post=1952"},{"taxonomy":"borobazar_product_genre","embeddable":true,"href":"https:\/\/siagroperu.com\/index.php?rest_route=%2Fwp%2Fv2%2Fborobazar_product_genre&post=1952"}],"curies":[{"name":"wp","href":"https:\/\/api.w.org\/{rel}","templated":true}]}}