{"id":1858,"date":"2024-10-23T21:30:40","date_gmt":"2024-10-23T21:30:40","guid":{"rendered":"https:\/\/siagroperu.com\/?post_type=product&#038;p=1858"},"modified":"2024-11-18T00:30:09","modified_gmt":"2024-11-18T00:30:09","slug":"conector-sistema-click-macho-e3-4-truper-101597","status":"publish","type":"product","link":"https:\/\/siagroperu.com\/?product=conector-sistema-click-macho-e3-4-truper-101597","title":{"rendered":"Conector Sistema Click Macho E3\/4, Truper 101597"},"content":{"rendered":"<p><strong>Conector Sistema Click Macho E3\/4, Truper 101597<\/strong><\/p>\n<p>Conexi\u00f3n r\u00e1pida y autom\u00e1tica<\/p>\n","protected":false},"excerpt":{"rendered":"<p><strong>Conector Sistema Click Macho E3\/4, Truper 101597<\/strong><\/p>\n<p>Conexi\u00f3n r\u00e1pida y autom\u00e1tica<\/p>\n","protected":false},"featured_media":1859,"comment_status":"open","ping_status":"closed","template":"","meta":[],"product_cat":[111,103],"product_tag":[],"borobazar_product_brands":[],"borobazar_product_price_ranges":[],"borobazar_product_genre":[],"class_list":{"0":"post-1858","1":"product","2":"type-product","3":"status-publish","4":"has-post-thumbnail","6":"product_cat-conectores-de-riego","7":"product_cat-riego","9":"first","10":"instock","11":"shipping-taxable","12":"purchasable","13":"product-type-simple"},"_links":{"self":[{"href":"https:\/\/siagroperu.com\/index.php?rest_route=\/wp\/v2\/product\/1858","targetHints":{"allow":["GET"]}}],"collection":[{"href":"https:\/\/siagroperu.com\/index.php?rest_route=\/wp\/v2\/product"}],"about":[{"href":"https:\/\/siagroperu.com\/index.php?rest_route=\/wp\/v2\/types\/product"}],"replies":[{"embeddable":true,"href":"https:\/\/siagroperu.com\/index.php?rest_route=%2Fwp%2Fv2%2Fcomments&post=1858"}],"wp:featuredmedia":[{"embeddable":true,"href":"https:\/\/siagroperu.com\/index.php?rest_route=\/wp\/v2\/media\/1859"}],"wp:attachment":[{"href":"https:\/\/siagroperu.com\/index.php?rest_route=%2Fwp%2Fv2%2Fmedia&parent=1858"}],"wp:term":[{"taxonomy":"product_cat","embeddable":true,"href":"https:\/\/siagroperu.com\/index.php?rest_route=%2Fwp%2Fv2%2Fproduct_cat&post=1858"},{"taxonomy":"product_tag","embeddable":true,"href":"https:\/\/siagroperu.com\/index.php?rest_route=%2Fwp%2Fv2%2Fproduct_tag&post=1858"},{"taxonomy":"borobazar_product_brands","embeddable":true,"href":"https:\/\/siagroperu.com\/index.php?rest_route=%2Fwp%2Fv2%2Fborobazar_product_brands&post=1858"},{"taxonomy":"borobazar_product_price_ranges","embeddable":true,"href":"https:\/\/siagroperu.com\/index.php?rest_route=%2Fwp%2Fv2%2Fborobazar_product_price_ranges&post=1858"},{"taxonomy":"borobazar_product_genre","embeddable":true,"href":"https:\/\/siagroperu.com\/index.php?rest_route=%2Fwp%2Fv2%2Fborobazar_product_genre&post=1858"}],"curies":[{"name":"wp","href":"https:\/\/api.w.org\/{rel}","templated":true}]}}